841 a composite number?
False
Is 1722797029 a composite number?
False
Is 7781945569 prime?
True
Is 437058581 a prime number?
False
Is 557105287 a composite number?
True
Is 713931629 a composite number?
False
Is 165548671 composite?
False
Is 379661554 a composite number?
True
Is 38237866221 composite?
True
Is 202720451971 a prime number?
True
Is 110089987 prime?
False
Is 20284164487 a prime number?
True
Is 136181029 prime?
True
Is 2198694151 composite?
True
Is 7375231123 prime?
False
Is 1126662701 composite?
False
Is 3453496402 prime?
False
Is 2463220309 composite?
True
Is 9806255533 a prime number?
True
Is 5324355053 composite?
True
Is 177580757 prime?
True
Is 32334079483 composite?
True
Is 3582962741 prime?
True
Is 17901223283 prime?
True
Is 15012383863 prime?
True
Is 55609524097 prime?
True
Is 7116377861 prime?
False
Is 337729369 composite?
False
Is 558170737 composite?
False
Is 247325278751 composite?
False
Is 2419328167 prime?
True
Is 9568507373 a composite number?
False
Is 9540484241 composite?
True
Is 304892353 a composite number?
True
Is 4087916795 a composite number?
True
Is 162402217 a composite number?
False
Is 13092352703 a composite number?
False
Is 8796738387 a prime number?
False
Is 19271505901 prime?
True
Is 600938911 prime?
True
Is 76242680879 prime?
True
Is 57313317541 a composite number?
True
Is 3197914849 composite?
False
Is 16424426779 a prime number?
True
Is 186562401265 a prime number?
False
Is 3413950391 composite?
False
Is 1505270951 composite?
True
Is 3266205277 prime?
True
Is 29814335321 a composite number?
False
Is 2040150131 a prime number?
True
Is 1574486911 a prime number?
True
Is 63053784277 a prime number?
False
Is 658246333 composite?
False
Is 2024177737 a composite number?
True
Is 6296564749 composite?
False
Is 834526573 prime?
True
Is 520675957 prime?
True
Is 469838123 a prime number?
False
Is 62339674351 a prime number?
True
Is 5485285567 composite?
False
Is 3202119471 prime?
False
Is 298673402 a prime number?
False
Is 215379631 prime?
False
Is 54770171 composite?
False
Is 4847878337 prime?
False
Is 22040551661 prime?
True
Is 47707672009 a composite number?
True
Is 2203680079 a prime number?
True
Is 25509860963 a prime number?
False
Is 4054763873 composite?
False
Is 185995417 a composite number?
True
Is 62466721423 prime?
True
Is 9011812319 prime?
False
Is 1957729381 a composite number?
False
Is 2340539701 composite?
False
Is 55011387853 a composite number?
False
Is 59539353041 composite?
True
Is 1980720041 a composite number?
False
Is 23879808143 a prime number?
False
Is 29095871801 composite?
True
Is 195493423 a prime number?
False
Is 8513172397 a composite number?
True
Is 1417221731 prime?
True
Is 2125518349 a prime number?
True
Is 32654716303 a composite number?
True
Is 130222069949 a composite number?
True
Is 15869049701 prime?
True
Is 787579939 composite?
True
Is 33290189281 composite?
True
Is 5771630401 composite?
True
Is 55418392933 a prime number?
True
Is 12328497607 a prime number?
False
Is 649313537 a prime number?
True
Is 1997360747 prime?
True
Is 214867129 a composite number?
False
Is 361909673 a prime number?
False
Is 625889557 prime?
True
Is 1637966417 a composite number?
False
Is 1132870261 prime?
False
Is 752955733 a prime number?
True
Is 779766353 composite?
True
Is 19529417449 prime?
False
Is 389880479 a composite number?
False
Is 633429931 prime?
True
Is 632778389 composite?
True
Is 122169737 a composite number?
True
Is 11110764853 a prime number?
True
Is 12870617731 a prime number?
True
Is 12515941709 composite?
False
Is 4597840339 composite?
True
Is 1904434802 prime?
False
Is 239670877 composite?
True
Is 477979351 composite?
False
Is 6794916643 a composite number?
True
Is 17662406417 a composite number?
False
Is 12738437941 a composite number?
False
Is 2319252269 prime?
False
Is 23457817231 composite?
True
Is 624622519 prime?
False
Is 3150195487 a composite number?
False
Is 114361333693 a prime number?
True
Is 324586111 a prime number?
True
Is 745108877 a prime number?
True
Is 1960698463 a composite number?
False
Is 2187426863 a prime number?
True
Is 1558441919 a prime number?
True
Is 771090809 a composite number?
False
Is 50946750251 a prime number?
True
Is 1025700257 prime?
False
Is 290853836733 a prime number?
False
Is 32757850621 a composite number?
True
Is 5809579829 a composite number?
True
Is 35377130297 composite?
False
Is 152843891885 prime?
False
Is 24303032909 a composite number?
True
Is 760448239 a composite number?
False
Is 665045123 prime?
False
Is 901184083 composite?
False
Is 11228737577 prime?
True
Is 26413450901 composite?
False
Is 2231145713 prime?
True
Is 791788259 prime?
True
Is 21586630561 composite?
False
Is 2907851 a composite number?
False
Is 18128301307 a composite number?
True
Is 7652143859 a prime number?
True
Is 63445867073 composite?
True
Is 15707770921 prime?
True
Is 113417796707 composite?
False
Is 9356748781 a composite number?
False
Is 23640289 a prime number?
False
Is 3994765091 a composite number?
True
Is 6313266877 prime?
True
Is 458808107 a composite number?
True
Is 75354805993 a prime number?
False
Is 1356744967 composite?
False
Is 389215363 a composite number?
False
Is 3339986879 a composite number?
True
Is 6832641 prime?
False
Is 31020371 a prime number?
False
Is 1758329329 prime?
False
Is 13014938221 composite?
True
Is 1071956401 composite?
True
Is 62674765291 a prime number?
False
Is 2059896343 composite?
True
Is 5706516323 a composite number?
False
Is 17377132073 prime?
False
Is 29833189 a composite number?
True
Is 10146552541 a composite number?
True
Is 2187094369 prime?
False
Is 2178545581 a composite number?
False
Is 19080116683 prime?
False
Is 593814941 composite?
False
Is 111475270789 composite?
True
Is 603841391 a prime number?
True
Is 1189214953 a composite number?
True
Is 390767957 prime?
True
Is 52916022661 a composite number?
True
Is 481240693 a composite number?
False
Is 2053961887 composite?
True
Is 712076017 composite?
True
Is 115387512797 a composite number?
True
Is 2977762982 composite?
True
Is 5804335649 prime?
False
Is 1118207917 prime?
True
Is 966181819 a composite number?
False
Is 8703593133 composite?
True
Is 3836133809 composite?
False
Is 16290982627 prime?
False
Is 128409082603 composite?
False
Is 12137149451 a prime number?
False
Is 6382505489 composite?
True
Is 21687145691 a prime number?
False
Is 8228057437 a prime number?
False
Is 171589364435 prime?
False
Is 5737250345 composite?
True
Is 868879771 a composite number?
True
Is 112237163 composite?
True
Is 1668335663 prime?
True
Is 25769255021 a composite number?
True
Is 232099941 a composite number?
True
Is 3831641453 a prime number?
True
Is 1879750283 composite?
True
Is 157071137 a composite number?
False
Is 1727759443 a composite number?
False
Is 1467588901 a prime number?
False
Is 12005532557 prime?
False
Is 178625347 prime?
True
Is 168676603151 a prime number?
False
Is 5407294489 a prime number?
False
Is 59710844407 a composite number?
False
Is 7504343719 a composite number?
False
Is 6563650267 prime?
False
Is 1669195069 composite?
True
Is 6135412973 a prime number?
False
Is 7899430867 a prime number?
False
Is 782741033 a prime number?
True
Is 1902341897 prime?
False
Is 1640736913 a prime number?
True
Is 2701706723 a prime number?
False
Is 41460975401 a prime number?
True
Is 45185710751 prime?
True
Is 549454121 a composite number?
False
Is 2981453983 composite?
True
Is 1865150731 a composite number?
False
Is 31381619293 composite?
False
Is 69594079421 a composite number?
False
Is 344448817 a composite number?
False
Is 785517625511 a composite number?
False
Is 337481609 prime?
True
Is 205815899 composite?
False
Is 803615209 prime?
True
Is 15674382043 composite?
True
Is 2256184159 a composite number?
True
Is 2142041137 prime?
False
Is 193371059837 a prime number?
True
Is 10556558839 a prime number?
False
Is 2306710099 a composite number?
True
Is 24619282759 composite?
False
Is 2347208527 a prime number?
True
Is 469023439 composite?
False
Is 60050355751 a composite number?
False
Is 452403893 prime?
True
Is 331457173 composite?
True
Is 4107782719 composite?
False
Is 31110547877 a composite number?
True
Is 18521654317 composite?
False
Is 1824245578 a prime number?
